eatest common divisor of 1489004 and 256366?
946
Calculate the greatest common divisor of 133963363 and 359.
359
Calculate the greatest common factor of 14 and 657606838.
14
What is the highest common factor of 45150 and 2073414?
42
Calculate the greatest common divisor of 349469 and 372283.
1037
Calculate the highest common divisor of 26865010 and 244.
122
Calculate the highest common factor of 5408032 and 58016.
1568
What is the highest common divisor of 46440 and 4055160?
120
What is the greatest common divisor of 700 and 5152018900?
700
Calculate the greatest common divisor of 2282185 and 5035.
95
Calculate the highest common divisor of 61124 and 239009.
59
What is the greatest common divisor of 112 and 4507846?
14
Calculate the greatest common factor of 832414 and 143341.
1727
What is the greatest common divisor of 56395359 and 405?
81
What is the greatest common factor of 5745 and 16719865?
1915
Calculate the highest common factor of 39075250 and 40528.
298
Calculate the greatest common factor of 267886 and 34340.
34
What is the highest common factor of 918 and 12177406?
34
What is the highest common divisor of 10769 and 31506?
89
What is the highest common factor of 51275 and 14063?
7
What is the highest common divisor of 334864 and 904?
8
What is the highest common divisor of 213146 and 5746?
34
Calculate the greatest common factor of 1787420292 and 2562.
2562
Calculate the highest common divisor of 7803364 and 17812.
244
Calculate the highest common factor of 612275 and 733441.
1289
What is the highest common divisor of 11218452 and 56?
28
Calculate the greatest common factor of 156585 and 7865.
715
Calculate the greatest common divisor of 231 and 5738229.
21
Calculate the highest common factor of 9 and 207110619.
9
What is the highest common factor of 20635 and 635?
5
Calculate the highest common divisor of 2016 and 978901.
7
Calculate the highest common factor of 760 and 1776760.
40
Calculate the greatest common divisor of 72 and 4315946904.
72
Calculate the highest common divisor of 155 and 402425.
5
What is the highest common factor of 147873 and 15114?
33
Calculate the highest common divisor of 26584418 and 42.
14
Calculate the highest common factor of 547021 and 19.
1
What is the greatest common factor of 22920 and 1644?
12
What is the highest common factor of 3367103 and 58?
29
What is the highest common divisor of 308 and 894096?
28
Calculate the highest common divisor of 7261968 and 714.
42
What is the greatest common divisor of 388284193 and 542?
271
Calculate the highest common factor of 136932251 and 2501.
2501
What is the greatest common divisor of 43928421 and 24?
3
Calculate the highest common divisor of 98 and 27869996.
14
What is the highest common divisor of 16904023 and 74604?
6217
What is the greatest common factor of 69 and 19333133?
23
What is the greatest common divisor of 25382592 and 16416?
864
Calculate the highest common factor of 25188570 and 550.
110
What is the greatest common divisor of 170 and 13337333?
17
Calculate the highest common divisor of 3976 and 1573360.
568
Calculate the highest common divisor of 177895591 and 661.
661
Calculate the greatest common factor of 44 and 1598574626.
22
What is the greatest common factor of 73 and 53105383?
73
What is the highest common factor of 1872 and 224922204?
468
What is the greatest common factor of 80797 and 1982345?
1879
What is the greatest common divisor of 1040399 and 57176?
1021
Calculate the greatest common factor of 113905 and 843315.
1045
What is the greatest common factor of 26643685 and 942?
157
What is the highest common factor of 144 and 2123016?
24
What is the greatest common divisor of 902 and 70434?
2
What is the greatest common factor of 66204968 and 2584?
152
What is the greatest common factor of 117244728 and 279?
279
What is the highest common divisor of 5 and 49979595?
5
Calculate the greatest common factor of 40300 and 17825.
775
What is the highest common factor of 78740155 and 2015?
2015
What is the highest common divisor of 115422 and 930?
6
What is the greatest common divisor of 14659 and 389217?
137
Calculate the highest common factor of 12639089 and 37.
37
Calculate the greatest common divisor of 114552 and 200133.
333
What is the greatest common factor of 645528 and 264?
24
Calculate the greatest common factor of 12068 and 280994.
14
What is the greatest common divisor of 4711728 and 351056?
592
What is the highest common divisor of 192 and 145216?
64
Calculate the greatest common divisor of 2552 and 117686756.
1276
Calculate the greatest common divisor of 957 and 199763542.
319
What is the highest common divisor of 1981212 and 23861?
107
Calculate the greatest common factor of 38332 and 83555546.
2738
What is the greatest common factor of 51620856 and 42?
42
What is the greatest common factor of 38 and 530050619?
19
Calculate the highest common factor of 96003 and 12.
3
Calculate the greatest common divisor of 3471842 and 2431.
187
Calculate the greatest common factor of 1668873921 and 143.
143
What is the highest common factor of 56 and 6627194?
14
Calculate the highest common divisor of 252584 and 8.
8
What is the highest common factor of 913360 and 2180?
20
What is the highest common divisor of 161455 and 2182608?
659
Calculate the highest common divisor of 360 and 121514994.
18
What is the greatest common divisor of 1382591 and 274309?
1841
Calculate the greatest common factor of 385877 and 37.
1
Calculate the highest common factor of 8099 and 1057.
7
Calculate the highest common divisor of 91 and 5207461.
7
What is the highest common divisor of 2454928 and 47650?
1906
Calculate the highest common divisor of 4551235 and 1235.
65
What is the greatest common divisor of 3886 and 1764780?
134
Calculate the greatest common divisor of 57 and 25101831.
57
Calculate the highest common factor of 105 and 2832550.
35
What is the highest common factor of 31427 and 19954?
11
What is the highest common factor of 9724000 and 13728?
4576
What is the greatest common factor of 6838048 and 3738?
1246
What is the greatest common divisor of 160070 and 67230?
10
What is the greatest common divisor of 1719100 and 500?
100
Calculate the highest common factor of 1397 and 4877308.
127
Calculate the highest common divisor of 27555 and 448635.
165
What is the greatest common divisor of 109 and 3033906?
109
What is the greatest common divisor of 594608 and 455?
7
What is the highest common divisor of 1856 and 9393999?
29
What is the highest common divisor of 583203046 and 5132?
2566
Calculate the greatest common divisor of 958208949 and 27.
9
Calculate the greatest common factor of 19363561 and 1267.
1267
What is the highest common factor of 405705 and 115107?
1887
What is the greatest common divisor of 12737 and 830073?
271
What is the greatest common divisor of 374 and 163213292?
22
What is the highest common factor of 80 and 7910360?
40
What is the highest common factor of 24261484 and 26?
26
Calculate the greatest common factor of 825 and 2458368.
33
Calculate the greatest common factor of 16946 and 7226782.
458
Calculate the greatest common divisor of 1352 and 55009838.
338
What is the greatest common factor of 9375681 and 42?
21
What is the highest common factor of 2030 and 3718235?
145
What is the highest common divisor of 461291 and 123?
41
Calculate the greatest common divisor of 88842 and 41113344.
6834
What is the highest common divisor of 127584 and 648?
72
Calculate the greatest common divisor of 27469 and 142506.
13
Calculate the highest common divisor of 84 and 49845012.
84
Calculate the highest common divisor of 36466792 and 24.
8
Calculate the highest common factor of 232140 and 3723.
219
What is the greatest common divisor of 19507796 and 4081?
77
Calculate the greatest common divisor of 392800809 and 219.
219
Calculate the highest common divisor of 3802785 and 105.
105
What is the highest common divisor of 400 and 21065280?
80
Calculate the greatest common divisor of 31744737 and 8076.
2019
Calculate the highest common divisor of 96 and 353683136.
32
Calculate the greatest common factor of 27282880 and 3520.
320
Calculate the highest common divisor of 1540 and 613424.
28
Calculate the greatest common divisor of 3651 and 1023747702